   {"id":925,"date":"2019-01-16T12:05:32","date_gmt":"2019-01-16T11:05:32","guid":{"rendered":"http:\/\/compagniebzk.com\/?page_id=925"},"modified":"2019-01-16T12:19:42","modified_gmt":"2019-01-16T11:19:42","slug":"description","status":"publish","type":"page","link":"https:\/\/compagniebzk.com\/?page_id=925","title":{"rendered":"Description"},"content":{"rendered":"<div class=\"dividedContent clearfix\">\n<div class=\"halfLeft\">\n<ul>\n<li>Spectacle happening musical fixe, acoustique ou sonoris\u00e9, int\u00e9rieur ou ext\u00e9rieur.<\/li>\n<li>15 minutes renouvelables en 3 sets<\/li>\n<li>r\u00e9pertoire original (fusion afro-br\u00e9silien urbain)<\/li>\n<\/ul>\n<p><strong>Formule d\u00e9clinable :<\/strong><\/p>\n<ul>\n<li>5 ou 10 musiciens en salopettes et casques de chantier<\/li>\n<li>1 ou 2 \u00e9chafaudages \u00e0 2 \u00e9tages hauteur 6 m, plateaux 2mx3m<\/li>\n<\/ul>\n<p><em>Spectacle d\u00e9pos\u00e9 \u00e0 la S.A.C.D<\/em><\/p>\n<\/div>\n<div class=\"imgRight\"><img decoding=\"async\" loading=\"lazy\" title=\"chantier4\" src=\"\/wp-content\/uploads\/2019\/01\/100SGL_5921.jpg\" alt=\"\" width=\"270\" height=\"150\" \/><\/div>\n<\/div>\n","protected":false},"excerpt":{"rendered":"<p>Spectacle happening musical fixe, acoustique ou sonoris\u00e9, int\u00e9rieur ou ext\u00e9rieur. 15 minutes renouvelables en 3 sets r\u00e9pertoire original (fusion afro-br\u00e9silien urbain) Formule d\u00e9clinable : 5 ou 10 musiciens en salopettes et casques de chantier 1 ou 2 \u00e9chafaudages \u00e0 2 \u00e9tages hauteur 6 m, plateaux 2mx3m Spectacle d\u00e9pos\u00e9 \u00e0 la S.A.C.D<\/p>\n","protected":false},"author":1,"featured_media":0,"parent":897,"menu_order":1,"comment_status":"closed","ping_status":"closed","template":"t_spectacle-contenu.php","meta":{"ngg_post_thumbnail":0},"_links":{"self":[{"href":"https:\/\/compagniebzk.com\/index.php?rest_route=\/wp\/v2\/pages\/925"}],"collection":[{"href":"https:\/\/compagniebzk.com\/index.php?rest_route=\/wp\/v2\/pages"}],"about":[{"href":"https:\/\/compagniebzk.com\/index.php?rest_route=\/wp\/v2\/types\/page"}],"author":[{"embeddable":true,"href":"https:\/\/compagniebzk.com\/index.php?rest_route=\/wp\/v2\/users\/1"}],"replies":[{"embeddable":true,"href":"https:\/\/compagniebzk.com\/index.php?rest_route=%2Fwp%2Fv2%2Fcomments&post=925"}],"version-history":[{"count":3,"href":"https:\/\/compagniebzk.com\/index.php?rest_route=\/wp\/v2\/pages\/925\/revisions"}],"predecessor-version":[{"id":959,"href":"https:\/\/compagniebzk.com\/index.php?rest_route=\/wp\/v2\/pages\/925\/revisions\/959"}],"up":[{"embeddable":true,"href":"https:\/\/compagniebzk.com\/index.php?rest_route=\/wp\/v2\/pages\/897"}],"wp:attachment":[{"href":"https:\/\/compagniebzk.com\/index.php?rest_route=%2Fwp%2Fv2%2Fmedia&parent=925"}],"curies":[{"name":"wp","href":"https:\/\/api.w.org\/{rel}","templated":true}]}}