   {"id":5,"date":"2012-10-18T15:07:07","date_gmt":"2012-10-18T15:07:07","guid":{"rendered":"http:\/\/127.0.0.1\/compagnieBZK\/?page_id=2"},"modified":"2019-01-20T09:43:04","modified_gmt":"2019-01-20T08:43:04","slug":"page-d-exemple-2","status":"publish","type":"page","link":"https:\/\/compagniebzk.com\/","title":{"rendered":"Une compagnie percutante !"},"content":{"rendered":"<div class=\"dividedContent clearfix\">\n<div class=\"halfLeft \">\n<p>Un m\u00e9lange explosif de musiques traditionnelles et urbaines, des personnages d\u00e9cal\u00e9s, des spectacles lumineux et interactifs : fr\u00e9n\u00e9sie garantie !<\/p>\n<h2>Bzk en quelques dates :<\/h2>\n<p>Carnavals, festivals, \u00e9v\u00e9nementiel :<\/p>\n<ul>\n<li>En France : \u00c9clats d\u2019Aurillac, Font\u2019Arts, Gay Pride, Tempo Latino, Solidays, Oc\u00e9aniques, Fiesta S\u00e8te, Nuits sans Fronti\u00e8res&#8230;<\/li>\n<\/ul>\n<\/div>\n<div class=\"imgRight\">\n<p class=\"new\">Nouveau spectacle<\/p>\n<div style=\"width: 640px;\" class=\"wp-video\"><!--[if lt IE 9]><script>document.createElement('video');<\/script><![endif]-->\n<video class=\"wp-video-shortcode\" id=\"video-5-1\" width=\"640\" height=\"360\" preload=\"metadata\" controls=\"controls\"><source type=\"video\/youtube\" src=\"https:\/\/youtu.be\/fV_xocXGkrM?_=1\" \/><a href=\"https:\/\/youtu.be\/fV_xocXGkrM\">https:\/\/youtu.be\/fV_xocXGkrM<\/a><\/video><\/div>\n<\/div>\n<\/div>\n<ul>\n<li>Burkina Faso, Tunisie, Espagne, Qatar, Liban, Turquie, Chine, Kuwai, Roumanie, Lettonie &#8230;<\/li>\n<\/ul>\n","protected":false},"excerpt":{"rendered":"<p>Un m\u00e9lange explosif de musiques traditionnelles et urbaines, des personnages d\u00e9cal\u00e9s, des spectacles lumineux et interactifs : fr\u00e9n\u00e9sie garantie ! Bzk en quelques dates : Carnavals, festivals, \u00e9v\u00e9nementiel : En France : \u00c9clats d\u2019Aurillac, Font\u2019Arts, Gay Pride, Tempo Latino, Solidays, Oc\u00e9aniques, Fiesta S\u00e8te, Nuits sans Fronti\u00e8res&#8230; Nouveau spectacle Burkina Faso, Tunisie, Espagne, Qatar, Liban, Turquie, [&hellip;]<\/p>\n","protected":false},"author":1,"featured_media":0,"parent":0,"menu_order":0,"comment_status":"open","ping_status":"open","template":"","meta":{"ngg_post_thumbnail":0},"_links":{"self":[{"href":"https:\/\/compagniebzk.com\/index.php?rest_route=\/wp\/v2\/pages\/5"}],"collection":[{"href":"https:\/\/compagniebzk.com\/index.php?rest_route=\/wp\/v2\/pages"}],"about":[{"href":"https:\/\/compagniebzk.com\/index.php?rest_route=\/wp\/v2\/types\/page"}],"author":[{"embeddable":true,"href":"https:\/\/compagniebzk.com\/index.php?rest_route=\/wp\/v2\/users\/1"}],"replies":[{"embeddable":true,"href":"https:\/\/compagniebzk.com\/index.php?rest_route=%2Fwp%2Fv2%2Fcomments&post=5"}],"version-history":[{"count":40,"href":"https:\/\/compagniebzk.com\/index.php?rest_route=\/wp\/v2\/pages\/5\/revisions"}],"predecessor-version":[{"id":977,"href":"https:\/\/compagniebzk.com\/index.php?rest_route=\/wp\/v2\/pages\/5\/revisions\/977"}],"wp:attachment":[{"href":"https:\/\/compagniebzk.com\/index.php?rest_route=%2Fwp%2Fv2%2Fmedia&parent=5"}],"curies":[{"name":"wp","href":"https:\/\/api.w.org\/{rel}","templated":true}]}}